.
15
Let s(a) = 2*a**3 + 28*a**2 + 21*a - 15. Determine s(-13).
50
Let y(x) = -35*x - 452. Calculate y(-13).
3
Let f(w) = 5*w**2 + 75*w + 39. What is f(-16)?
119
Let n(p) = p**3 + p**2 + 2*p + 33. Give n(-4).
-23
Let r(o) = -16*o**2 - 3178*o - 1971. Calculate r(-198).
9
Let a(j) = 5*j + 338. Calculate a(-73).
-27
Let x(q) = -q**3 + 9*q**2 + 84*q - 748. Determine x(10).
-8
Let p(r) = 50*r - 48. Calculate p(0).
-48
Let h(n) = -2*n**3 - 14*n**2 - 5*n + 65. Give h(-5).
-10
Let v(u) = -u**2 + 21*u - 115. Give v(12).
-7
Let f(x) = -x**3 - 11*x**2 + 171*x - 146. Give f(8).
6
Let h(u) = -u**2 + 33*u + 381. Calculate h(-9).
3
Let w(l) = l**2 + 19*l + 35. Calculate w(-21).
77
Let v(d) = d**2 - 121*d + 2021. Give v(101).
1
Let b(d) = 166*d - 6147. Calculate b(37).
-5
Let m(y) = -y**2 - 29*y + 8534. Calculate m(-108).
2
Let q(x) = x**2 - 12*x - 3. Calculate q(10).
-23
Let v(j) = 31*j**3 + 4*j**2 + 29*j - 63. Calculate v(2).
259
Let q(x) = -149*x + 171. What is q(2)?
-127
Let x(s) = 209*s - 1385. Calculate x(8).
287
Let j(a) = 279*a - 1972. Give j(7).
-19
Let c(q) = 4*q**2 + 348*q + 1332. Calculate c(-83).
4
Let m(v) = -201*v + 3399. Give m(17).
-18
Let i(w) = -w**2 - 66*w - 1084. Calculate i(-32).
4
Let d(k) = 27*k**2 - 9*k - 23. Determine d(5).
607
Let u(n) = -n**2 + 112*n - 1829. Give u(20).
11
Let x(s) = -s**3 - 85*s**2 + 83*s - 250. What is x(-86)?
8
Let a(x) = -x - 37. What is a(-15)?
-22
Let d(j) = 1322*j + 5280. Calculate d(-4).
-8
Let c(j) = 3*j**3 - 3*j**2 - 21*j + 45. Calculate c(4).
105
Let q(f) = -f**2 + 58*f + 902. Determine q(70).
62
Let p(b) = -1750*b - 8549. Calculate p(-5).
201
Let p(m) = 3*m + 24. What is p(4)?
36
Let s(n) = -n**2 - 49*n + 8905. What is s(73)?
-1
Let h(a) = -2*a**3 + a**2 - a + 90. Give h(0).
90
Let z(s) = 352*s + 24281. Give z(-69).
-7
Let a(g) = 85*g - 377. Give a(5).
48
Let n(i) = -11*i**2 - 9*i + 44. Determine n(5).
-276
Let u(v) = 12*v**3 - 19*v**2 + v - 2. Determine u(1).
-8
Let z(m) = m**2 - 51*m + 505. Give z(32).
-103
Let g(m) = -m**2 - 14*m + 695. What is g(23)?
-156
Let l(d) = -37*d + 466. Calculate l(12).
22
Let q(y) = 2*y**3 - 23*y**2 - 3*y + 7. Give q(-5).
-803
Let g(y) = -1131*y + 23745. Calculate g(21).
-6
Let z(s) = -s**3 + 132*s**2 - 126*s - 672. Determine z(131).
-17
Let o(k) = 221*k - 9120. What is o(41)?
-59
Let j(a) = 3*a**3 + 114*a**2 + 2*a - 28. What is j(-38)?
-104
Let a(j) = 4028*j + 32222. Determine a(-8).
-2
Let b(j) = -744*j + 22319. Give b(30).
-1
Let j(b) = -b**3 - 3*b**2 - 191*b - 1853. Give j(-8).
-5
Let m(x) = 2*x**3 + 30*x**2 - 102*x + 129. Give m(-18).
21
Let z(x) = 40*x**2 - 27*x - 28. What is z(-1)?
39
Let b(x) = 9*x + 107. Determine b(-16).
-37
Let r(j) = j**3 - 33*j**2 + 169*j - 4391. Determine r(32).
-7
Let g(w) = 223*w + 1461. Calculate g(-8).
-323
Let q(w) = w**3 + 40*w**2 + 39*w + 33. Determine q(-39).
33
Let j(g) = 24*g - 21. What is j(12)?
267
Let s(q) = -2*q**3 - 43*q**2 + 19*q - 79. Calculate s(-22).
-13
Let d(s) = 52*s - 647. Give d(12).
-23
Let f(j) = j**3 - 13*j**2 - 52*j + 546. Give f(7).
-112
Let c(p) = -25*p**2 + 39*p + 77. Determine c(-2).
-101
Let i(u) = -u**3 + 355*u**2 - 1055*u - 344. Give i(352).
8
Let r(d) = -d**3 - 26*d**2 - 25*d + 94. What is r(-24)?
-458
Let o(v) = v**3 - 3*v**2 + 6*v - 12. What is o(6)?
132
Let z(i) = i**2 + 13*i + 7. Give z(-5).
-33
Let s(j) = j + 102. Give s(-51).
51
Let v(c) = 77*c + 929. Determine v(-12).
5
Let b(k) = k**3 + 4*k**2 + 10*k + 9. Give b(-1).
2
Let m(f) = -38*f**2 - 75*f + 6. What is m(-2)?
4
Let y(t) = 7*t**2 + 461*t - 88. What is y(-66)?
-22
Let r(n) = 3*n**2 - 70*n - 41133. Determine r(-106).
-5
Let s(v) = 4937*v + 14801. Give s(-3).
-10
Let l(v) = -705*v - 2179. Determine l(-4).
641
Let t(v) = 125*v + 495. Calculate t(-4).
-5
Let o(x) = -2*x**3 + 28*x**2 + 56*x - 88. Determine o(14).
696
Let j(s) = -s**2 - 24*s - 88. Give j(-19).
7
Let x(v) = 3635*v - 3629. Give x(1).
6
Let x(d) = 3*d**3 - 21*d**2 - 2*d + 1. Calculate x(6).
-119
Let h(b) = 2*b**2 - 32*b - 1325. Determine h(35).
5
Let u(o) = -183*o**3 + 2*o**2 - 1. Calculate u(-1).
184
Let p(a) = a**3 - 16*a**2 + 28*a - 151. Give p(8).
-439
Let o(y) = -y**2 + 39*y - 289. Give o(8).
-41
Let p(b) = 151*b + 1813. Give p(-16).
-603
Let g(k) = -2236*k - 13497. What is g(-6)?
-81
Let t(b) = 112*b - 425. Calculate t(4).
23
Let m(p) = 35*p + 73. Calculate m(7).
318
Let i(g) = 109*g + 1216. Calculate i(-11).
17
Let c(n) = n**3 - 14*n**2 + 13*n - 2. What is c(3)?
-62
Let j(c) = -118*c**2 + 1548*c - 14. Determine j(13).
168
Let f(a) = -150*a + 1498. Calculate f(11).
-152
Let z(b) = -b**2 + 28*b - 211. Calculate z(12).
-19
Let f(l) = 9*l - 520. What is f(45)?
-115
Let x(v) = 2*v**2 - 51*v - 28. Calculate x(26).
-2
Let o(y) = -y**2 + 66*y - 902. Give o(20).
18
Let g(y) = -271*y + 3258. Give g(12).
6
Let w(y) = -19*y - 157. Calculate w(-15).
128
Let w(g) = -g**3 - 30*g**2 + 65*g - 140. Determine w(-32).
-172
Let q(w) = w**3 + 6*w**2 - 23*w - 240. What is q(-7)?
-128
Let x(d) = 220*d - 1701. Give x(8).
59
Let c(w) = 29*w - 995. Give c(41).
194
Let d(l) = -l**3 - 65*l**2 - 62*l + 121. What is d(-64)?
-7
Let t(o) = o**2 - 9*o - 380. Calculate t(-17).
62
Let m(y) = -68*y + 4457. Determine m(66).
-31
Let i(q) = 11*q**2 - 6. Give i(-2).
38
Let s(t) = 4*t**3 - 29*t**2 + 42*t + 27. Give s(5).
12
Let k(u) = u**3 - 12*u**2 - 133*u - 50. Determine k(19).
-50
Let k(u) = 3*u**2 - 8*u + 885. Determine k(0).
885
Let r(k) = -3*k**2 + 59*k - 213. Calculate r(20).
-233
Let x(d) = d**3 - 6*d**2 - 195*d - 35. Calculate x(-11).
53
Let b(a) = -11*a**2 - 271*a - 117. Calculate b(-24).
51
Let i(v) = -11*v**2 + 513*v + 182. Give i(47).
-6
Let m(l) = 657*l + 7215. Determine m(-11).
-12
Let j(a) = 4*a**2 - 96*a - 89. Determine j(23).
-181
Let x(m) = 2*m - 157. What is x(0)?
-157
Let o(q) = -35*q + 1694. Determine o(48).
14
Let w(p) = -p**3 - 12*p**2 - 16*p - 189. Determine w(-12).
3
Let m(k) = -336*k**3 + 2*k + 1. What is m(-1)?
335
Let y(z) = 68*z**3 - 3*z**2 - 7*z + 10. Determine y(1).
68
Let t(l) = 2*l**2 - 31*l + 144. Calculate t(10).
34
Let z(x) = 18*x + 373. Determine z(-17).
67
Let j(m) = m**2 - 53*m - 1. Give j(53).
-1
Let z(c) = c**3 + 24*c**2 - 65*c - 126. What is z(-27)?
-558
Let g(b) = -3947*b - 19743. Determine g(-5).
-8
Let o(p) = -158*p - 1437. Give o(-9).
-15
Let g(k) = -8019*k - 80212. Determine g(-10).
-22
Let v(x) = x**3 - 13*x - 40. Determine v(-3).
-28
Let t(b) = 7*b - 6. What is t(0)?
-6
Let r(w) = -2*w**2 + 466. What is r(-15)?
16
Let j(a) = -18*a + 1223. Give j(68).
-1
Let b(f) = -6864*f + 27376. What is b(4)?
-80
Let g(r) = -4*r - 154. What is g(-41)?
10
Let m(v) = -v - 70. What is m(17)?
-87
Let z(r) = -r**3 - 15*r**2 - 28*r - 111. Calculate z(-14).
85
Let k(h) = -h**3 + 61*h**2 + 333*h - 213. Give k(66).
-15
Let r(g) = -147*g - 3240. What is r(-22)?
-6
Let o(p) = p**3 + 3*p**2 - 22*p - 78. Calculate o(-4).
-6
Let x(z) = -z**2 + 1134*z - 7883. Determine x(7).
6
Let m(x) = 102*x + 764. Determine m(-15).
-766
Let y(b) = -b**3 - 59*b**2 - 85*b - 1556. What is y(-58)?
10
Let n(w) = w**3 - 6*w**2 - 36*w + 216. Calculate n(7).
13
Let r(q) = q**3 + 100*q**2 - 220*q - 21983. Determine r(-100).
17
Let q(g) = 24*g**2 + 72*g - 299. Determine q(4).
373
Let s(u) = -u**2 + 13*u + 196. Calculate s(24).
-68
Let l(m) = -74*m + 798. Determine l(10).
58
Let t(x) = -2*x**2 + 29*x - 29. Determine t(12).
31
Let p(t) = 58*t + 644. Determine p(-11).
6
Let m(p) = p**2 - 507*p - 3061. Calculate m(-6).
17
Let t(z) = 125*z + 110. Determine t(-1).
-15
Let d(n) = 46*n**3 + 2115*n**2 - 43*n + 163. Calculate d(-46).
25
Let b(d) = -d**3 - 10*d**2 - 54*d - 26. What is b(-6)?
154
Let p(w) = w**3 - 29*w**2 - 24*w - 45. What is p(30)?
135
Let l(d) = 8*d**2 - 160*d - 327. What is l(-2)?
25
Let g(o) = 261*o - 23228. What is g(89)?
1
Let l(t) = t**2 - 29*t + 169. Calculate l(15).
-41
Let h(t) = 3*t**3 - 3*t**2 - 3*t + 25. Give h(2).
31
Let d(l) = 5*l + 141. Give d(-51).
-114
Let q(f) = -961*f + 23056. Give q(24).
-8
Let t(u) = u**3 - 39*u**2 + 33*u + 174. Determine t(38).
-16
Let p(g) = 22*g - 25. Give p(1).
-3
Let p(i) = 24*i**3 + 12*i**2 + 17*i + 4. What is p(-1)?
-25
Let a(j) = j**2 - 19*j - 9603. Give a(-89).
9
Let l(g) = 6796*g - 74757. What is l(11)?
-1
Let v(b) = 66*b + 725. Determine v(-11).
-1
Let w(a) = -24*a**